
Evaluate -2 - (-20 + (-19 - -30)).
7
Evaluate -17 + 18 + 2 + 12.
15
-15 + 1 - (4 - (0 + -4) - 7)
-15
Calculate -2 + 9 + -2 + -8.
-3
What is 8 + -9 - (-14 + (-1 - 7) + 5)?
16
Evaluate (5 - 9) + (1 - (1 - -1)).
-5
Evaluate 7 + -4 + -1 + -8 + (-2 - -20).
12
Evaluate -22 + (1 - 8 - -41).
12
What is the value of -9 - -3 - (-3 + -14 + 10 + -6)?
7
What is 12 - (17 + (13 - 21 - -18))?
-15
What is the value of -155 - -146 - (-5 - 2)?
-2
-2 - 1 - -7 - (-5 - 8 - -23)
-6
What is the value of -1 - -2 - (10 - (11 + -4) - 8)?
6
What is 5 - (-8 - -13 - (-11 + 14 + 4))?
7
What is (2 - 1) + (-2 - -12) + -10?
1
Calculate 4 - ((-1 - -3) + -9 - (-203 - -192)).
0
-23 - (24 - (-15 + 43))
-19
What is the value of (33 - 27) + 18 + -26?
-2
Evaluate (4 - -10) + 3 + -31 + 7.
-7
What is the value of -1 - -21 - (-311 - -348)?
-17
-24 + -1 + (1 + 10 - (-6 + 17))
-25
What is the value of 18 + (11 - 10) - 8?
11
What is the value of 2 + (-18 - (-8 + -15))?
7
-5 + (-13 - (-6 - 3)) + -6
-15
What is (1 - -3) + (-8 - 1) + (0 - 2)?
-7
17 - 7 - (-3 - 6 - -17)
2
What is the value of -224 - -219 - (-12 + 0)?
7
What is the value of -10 - (8 + 0 - (19 - (22 - 5)))?
-16
(-2 + 5 - 3 - -1) + 2
3
What is 0 - -9 - (5 - (-3 + -14))?
-13
Calculate 17 - ((-8 - (-13 - -11)) + 36).
-13
Calculate 10 + -13 + -1 + 7 - 9.
-6
What is 3 - (16 - 21) - 14?
-6
What is the value of 2 - ((-8 + 5 - (12 - 2)) + 6)?
9
Calculate 46 - 36 - (-6 - (-11 + 1)).
6
What is -146 + 152 + -2 + -16?
-12
What is the value of (-25 - -8) + 23 + (-4 - (4 + -2))?
0
9 - -1 - (4 + -3) - 3
6
Calculate -5 - -2 - (39 + -52).
10
Calculate -13 - 4 - 2 - (174 - 165).
-28
Evaluate -35 - -42 - ((6 - -19) + -7).
-11
Calculate -4 + (-23 - -32) + -14.
-9
Evaluate 22 - 38 - (-3 + 0).
-13
What is the value of (-38 - -47) + -2 + 2 - 2?
7
What is the value of -5 + 15 + (4 - 20) + -19?
-25
What is 5 - (12 + -16 - (0 + -19))?
-10
What is the value of (177 - 163) + (-9 - 0)?
5
Evaluate 33 - (17 + 20 + 32).
-36
6 + -4 + (-8 - -6) - 2 - -21
19
What is 1 + (1 + 1 + -9 - -2) + 12?
8
Evaluate -24 - (-35 + 14 - 26).
23
(-20 - (-38 - -16)) + 9 + 1
12
What is the value of 40 - 21 - 8 - 24?
-13
(90 - (61 - 15)) + -50
-6
Calculate (-1 - (-10 + 11)) + -8 + 3 + 26.
19
What is the value of -18 - 3 - (4 + (2 - 14))?
-13
9 - (3 + 11 + 16) - 2
-23
What is (-2 - 4 - 1) + -24 + 31?
0
Calculate 13 + (6 - 0) + (51 - 65).
5
Evaluate -6 - ((-23 - 11 - -40) + (-2 - -2)).
-12
(5 - 0) + (7 + -9 - 9) + 18
12
What is 2 + 26 - (-264 - -290)?
2
Calculate 45 + -25 + -3 + -21.
-4
15 + (0 - (17 + -13)) - 25
-14
-15 + 4 - -3 - -4
-4
What is -33 - (19 + -34 + 4)?
-22
Evaluate -4 + -1 + 0 + -12 + (1 - -24).
8
What is the value of -1 + (8 - (1 - -5) - 4) - -10?
7
Calculate 15 + -3 + (0 - -3) + -70 + 68.
13
What is -3 + (2 - 12) + (9 - 6)?
-10
(8 - 4 - (7 + (8 - 7))) + -2
-6
Evaluate 43 - (21 + 6) - 28.
-12
Evaluate -18 - (-38 + 33) - -26.
13
Evaluate (14 - (-3 - -6)) + (-18 - -14).
7
What is 43 - (30 - (11 + -4))?
20
What is -1 + -5 + 6 - (5 - -2) - 10?
-17
Calculate -1 + (-14 + 5 - -1) + 20.
11
What is the value of 0 + -6 - ((3 - -6) + -13)?
-2
What is the value of 10 + -1 - (-2 - -1 - (6 - 5))?
11
Calculate 0 + (-2 - 0) + (-15 - -23) + 0.
6
What is -7 + -3 - (8 + -30)?
12
What is the value of 1 + 1 + 49 + -49 + 20?
22
What is the value of 3 + (3 - -31) + (2 + -5 - 3)?
31
What is (3 - (2 + 4)) + -42 + 51?
6
What is the value of (100 - 30) + -42 + -18?
10
What is the value of (-5 - (-30 - -38)) + 12?
-1
Evaluate -17 + 35 + -26 + -11 + 0.
-19
What is the value of 13 - (1 - (-33 + 12))?
-9
(-38 - -27) + -5 + 3
-13
What is (16 - (27 - 1)) + (1 - -8)?
-1
What is (23 - 12) + 2 + -21?
-8
What is (-14 - -3) + 28 - 36?
-19
What is the value of (-376 - -405) + (-33 - -3)?
-1
-18 + (4 - (-10 - (7 - 13)))
-10
Calculate -1 - (1 - -8 - (-35 + (19 - 8))).
-34
Evaluate 17 - ((-1 - 3) + 4 + 1).
16
Evaluate (-3 - (-11 + 19) - -10) + (2 - 10).
-9
3 + (-6 - 2 - 3) - 13
-21
What is the value of -3 - (0 + -3 - 0)?
0
-10 - -14 - -5 - 10
-1
What is (-15 - -6) + 17 + -18?
-10
Calculate (-6 - 5 - -5 - -5) + -7 + -2.
-10
Calculate 7 + -4 + -9 + (4 - -9) + -14.
-7
Evaluate 6 + 4 + (6 + -6 - -1) + 5.
16
Evaluate 6 + -2 - (-15 - (3 + (-14 - -11))).
19
Evaluate 130 + -117 + -16 + -7.
-10
What is -17 + -1 + -62 + (19 - -48)?
-13
17 - (-32 + (49 - 6))
6
Calculate (5 - 7 - -1) + 3 + (-3 - 2).
-3
Calculate (-10 - (-13 - -3) - -9) + -1.
8
Evaluate 8 + -54 + 11 - (-1 - 13).
-21
What is the value of (150 - 166) + 0 + 28?
12
Calculate (19 - 47) + 10 - -6.
-12
What is (1 - -1) + -53 + (43 - 0) + 12?
4
What is -8 + (-9 - ((-1 - -10) + -1 - -10))?
-35
2 + 4 - ((3 + 3 - 3) + 5)
-2
-12 + (19 + -13 - 1)
-7
(8 + (3 - 18) - -7) + 3
3
What is the value of -50 + (-9 - (1 - 41))?
-19
Evaluate -2 - -9 - (6 + -4 + 0) - -6.
11
Evaluate -13 + (12 - (0 - -8) - 0).
-9
Evaluate 2 + (0 + -12 - -7).
-3
What is the value of (-5 - (-1 + 22 + 1)) + 6?
-21
Calculate (-1 - (18 - 10)) + -10 + 4.
-15
Calculate -1 + (-16 - -4) + 22 + 2.
11
-1 - (-8 - (-31 - 0))
-24
What is the value of -3 + -8 - (100 - 107)?
-4
Evaluate 12 + (0 - 12) + (-1 - (-17 - 2)).
18
Calculate 7 + 0 + (33 - (64 + -17)).
-7
Calculate -20 - (-9 + -1) - (-2 - -1).
-9
Calculate (-16 + 36 - 2) + -10.
8
What is the value of 18 + -12 - 5 - (1 - -9)?
-9
What is 9 - 19 - (-21 - 1)?
12
Evaluate (3 - (15 + -11)) + -5.
-6
What is the value of 29 - 4 - 12 - -9?
22
What is -9 + -19 + 10 - -31?
13
What is -14 + (9 + 1 + -7 - -5)?
-6
What is (0 + -3 + 2 - 6) + -2 + 21?
12
Calculate 3 + 0 - (93 + -90 + (8 - 1)).
-7
Evaluate -20 + -1 + -1 + (13 - 63 - -57).
-15
What is the value of (-8 - -4 - -1) + (86 - 95)?
-12
Evaluate (-12 - (5 + -6 + -5)) + (1 - 10).
-15
-12 - ((133 - 128) + (-4 - 0))
-13
Calculate (-5 - -2) + 123 + -135 + 0 + 9.
-6
Evaluate (13 - 5) + (5 - 10) + (33 - 19).
17
Calculate -5 + (5 - (5 + -3)) - -4 - -7.
9
What is the value of 7 + (-33 - 0) + (1 + 7 - 0)?
-18
What is 8 + (-4 - 18 - (-3 + 2))?
-13
Calculate 70 + -69 - (5 - 7 - 4).
7
What is 16 + -1 - (7 - -19) - -19?
8
Calculate -2 - ((2 - -2 - (-44 + 31)) + 0).
-19
Evaluate 9 - 0 - (-8 + (18 - 8)).
7
(220 - 216) + (-1 - 12)
-9
What is -1 - -6 - (8 + 0 + 8)?
-11
Calculate 6 - ((11 - (8 + 0)) + 0).
3
What is 14 + -21 + 41 + -7?
27
Calculate 5 - (-13 + (30 - 11)) - (-15 - 1).
15
What is the value of 3 + -2 + (-6 - 6 - -5)?
-6
Evaluate (-7 - (-3 + -1 - (-5 + 3))) + -9.
-14
What is the value of (-4 + -2 - 30) + 16?
-20
What is the value of 7 + 5 + -12 + (17 - 4 - 8)?
5
Calculate 2 + -13 + (0 + 49 - (501 + -487)).
24
(19 - 9) + -2 + -3 + 13 + -1
17
0 - 7 - (0 + 1 + (-1 - -4))
-11
(-3 - (-3 + 6) - (-3 - 7)) + -1
3
(-2 - (9 - 14)) + -1 + -5
-3
Calculate -9 - (17 + -13 + 6 + -14).
-5
-3 - (-5 - (22 - 6 - (-5 + 9)))
14
Evaluate -30 + (26 - 42 - -35).
-11
Evaluate -12 - 7 - (-2 - (11 + -1)).
-7
Evaluate (43 - 7) + -47 + 26.
15
Evaluate -11 - (-7 + -1 + (-25 - -30)).
-8
Calculate 5 - ((-25 - -23) + -4).
11
Evaluate -20 - (-20 - (10 - 0)).
10
-7 - (-16 + (5 - -12))
-8
Evaluate -27 - ((0 - -16) + 135 + -152).
-26
-1 + 13 + -1 - (2013 + -1995)
-7
What is the value of 0 + (1 - -13) + (2 - 0 - 6)?
10
Calculate (3 - 13) + 16 + -10 + 9 + -23.
-18
What is 40 + -60 + (0 - -14)?
-6
What is the value of 1 + (-4 - 15) - (-32 + 4 + 20)?
-10
162 + -145 - (-4 - 0)
21
Evaluate 4 - (1 + -2 - (6 + (-8 - 2))).
1
Calculate -8 + (-5 + 3 - -3).
-7
Calculate 31 + (17 - -1 - 38).
11
Calculate 16 + -7 + 7 - (-1 + 15).
2
Evaluate 7 + 2 + -17 + 14 + 0 - 0.
6
What is the value of 13 + -15 - (-1 + (-7 - -21))?
-15
Evaluate -1 + 23 + (16 - 52).
-14
What is the value of 77 + -71 - (1 - 4)?
9
Evaluate -26 + 26 + -4 + 7.
3
Calculate (10 + 2 - 10) + 18 - -11.
31
What is 25 + -18 - (5 + 2)?
0
What is 31 + (-2 - 0) + 78 + -4 + -79?
24
Evaluate 21 - ((13 - -3) + 9).
-4
9 + 0 - (140 + -141)
10
What is -6 + (9 - (-7 + 6))?
4
What is (4 + -15 - (-5 - -2)) + (5 - -30)?
27
Evaluate (13 + -5 - (21 + -11)) + -22.
-24
25 + -94 - (-25 + -23)
-21
Evaluate (0 - 0) + 0 - (25 - 2 - 28).
5
Calculate 26 + -6 + 6 + -10.
16
What is the value of 57 + -52 + (-2 - 7)?
-4
Calculate (8 - (11 - 6)) + (-15 - -6).
-6
20 + -3 - (-5 - (-19 + 7))
10
What is the value of 2 + 4 + 0 + -4 + -8?
-6
Calculate -13 + -8 + 10 - -17.
6
What is the value of 4 + 6 - 12 - (-3 - -1 - 3)?
3
What is the value